12
Let d(t) = -23*t - 1664. Calculate d(-72).
-8
Let b(t) = -7*t**3 + 3*t**2 + 6*t - 5. What is b(2)?
-37
Let i(z) = -195*z + 172. Give i(-2).
562
Let p(v) = v**2 - 68*v - 5. What is p(68)?
-5
Let q(c) = -c**3 + 24*c**2 + 2*c - 30. Give q(24).
18
Let v(o) = -9*o**2 + 1102*o + 669. What is v(123)?
54
Let u(y) = -2*y**2 + 291*y - 3392. Calculate u(133).
-67
Let d(c) = c**3 - 14*c**2 + 12*c. What is d(13)?
-13
Let k(p) = 4*p**2 + 138*p + 405. Calculate k(-3).
27
Let p(o) = 201*o - 1359. Determine p(7).
48
Let u(o) = -5*o**2 - 20*o + 309. Determine u(6).
9
Let y(g) = -90*g + 488. Give y(6).
-52
Let z(x) = 180*x - 245. What is z(3)?
295
Let j(y) = 2*y**2 - 52*y - 5077. Calculate j(65).
-7
Let l(f) = 2*f**3 - 49*f**2 + f + 558. Determine l(24).
6
Let x(y) = -y**2 - 9*y - 6. Determine x(-8).
2
Let y(m) = -m**3 - 34*m**2 + 164*m + 323. Determine y(-38).
-133
Let z(k) = -14*k - 39. Determine z(-5).
31
Let o(i) = -125*i - 10. What is o(0)?
-10
Let c(f) = 2*f**3 + 20*f**2 + 83*f + 202. Calculate c(-6).
-8
Let c(f) = 89*f**2 + 398*f. Determine c(-4).
-168
Let c(n) = -467*n - 493. Determine c(-1).
-26
Let n(i) = -i**2 + 54*i - 180. Calculate n(50).
20
Let o(w) = -10*w**3 - 121*w**2 + 2*w + 165. Calculate o(-12).
-3
Let g(h) = 57*h - 175. Calculate g(3).
-4
Let f(n) = -145*n - 302. Give f(-2).
-12
Let s(x) = 2*x**3 + 55*x**2 - 214*x + 91. Calculate s(-31).
-2
Let q(a) = -2*a**2 + 253*a - 2116. What is q(9)?
-1
Let t(w) = 2*w**2 - 24*w + 37. Calculate t(10).
-3
Let w(y) = 529*y + 6859. Determine w(-13).
-18
Let t(l) = 2*l**2 - 6*l - 73. Calculate t(-5).
7
Let b(z) = 27*z - 1441. Determine b(54).
17
Let x(v) = 5*v**3 + 87*v**2 + 325*v + 20. Give x(-12).
8
Let f(q) = -224*q - 404. Give f(-2).
44
Let h(f) = -f**3 + 68*f**2 - 312*f - 197. Determine h(63).
-8
Let k(q) = q**3 + 104*q**2 - 107*q - 192. Give k(-105).
18
Let w(k) = 3*k**2 - 114*k - 63. Determine w(40).
177
Let b(c) = c**3 + 24*c**2 - 14*c - 141. What is b(-24)?
195
Let l(a) = 3*a**2 + 50*a + 217. Give l(-6).
25
Let v(a) = 4*a**2 - 645*a + 196. Determine v(161).
35
Let c(d) = 705*d + 712. Determine c(-1).
7
Let y(l) = 2*l**3 - 31*l**2 + 130*l - 78. What is y(7)?
-1
Let s(i) = -9*i**2 + 74*i - 85. What is s(7)?
-8
Let m(x) = 2*x**2 + 5*x - 65. Determine m(-7).
-2
Let x(r) = 36*r - 408. What is x(11)?
-12
Let f(b) = -337*b - 13164. Determine f(-39).
-21
Let b(i) = i**2 + 30*i. Give b(-30).
0
Let x(k) = -277*k + 726. Give x(3).
-105
Let t(w) = -8*w**2 + 40*w - 143. Give t(4).
-111
Let i(t) = 12*t**2 + 182*t - 81. Calculate i(-16).
79
Let k(v) = -v**3 + 8*v**2 + 4*v - 26. Calculate k(4).
54
Let b(n) = -892*n + 10705. Calculate b(12).
1
Let g(y) = 16*y**2 - 1. Give g(2).
63
Let q(s) = 2*s**3 + 9*s**2 + 6*s + 107. Give q(-8).
-389
Let r(t) = -t**3 + 3*t**2 + 146*t - 827. Calculate r(7).
-1
Let p(v) = v**3 + 2*v**2 - 80*v + 23. What is p(-10)?
23
Let j(b) = -9*b**2 - 50*b + 153. Determine j(3).
-78
Let m(i) = -51*i**2 + 1330*i - 121. Calculate m(26).
-17
Let v(w) = w**2 - 4*w - 443. Calculate v(-19).
-6
Let o(c) = 4*c**2 - 55*c - 26. Give o(14).
-12
Let l(d) = 3*d**3 + 25*d**2 - 65*d - 335. Calculate l(-9).
88
Let g(i) = i**3 - 5*i**2 - 84*i + 15. Calculate g(-8).
-145
Let a(k) = 2*k**3 - k**2 - 8*k + 3. Calculate a(5).
188
Let c(s) = 4068*s - 32555. What is c(8)?
-11
Let z(k) = 6*k**2 + 136*k + 267. Determine z(-2).
19
Let j(p) = p**2 + 8*p - 100. Give j(-10).
-80
Let q(a) = 32*a + 248. Give q(-8).
-8
Let y(i) = -i**3 - i**2 + 161*i + 25. Calculate y(0).
25
Let m(p) = p**3 + 110*p**2 + 217*p + 182. Give m(-108).
74
Let p(w) = -6048*w + 18119. Calculate p(3).
-25
Let k(x) = 322*x - 7068. Calculate k(22).
16
Let y(x) = 18*x - 1282. Determine y(71).
-4
Let b(k) = -k**3 + 31*k**2 + 28*k - 169. What is b(32)?
-297
Let u(h) = 420*h + 7029. Calculate u(-17).
-111
Let g(o) = 2*o**3 + 118*o**2 - 138*o - 231. Calculate g(-60).
849
Let l(q) = -612*q - 1226. Give l(-2).
-2
Let h(j) = j**2 + 4739*j - 28462. Give h(6).
8
Let v(s) = 6*s**2 - 9*s + 35. Calculate v(3).
62
Let s(u) = -2*u**3 - 17*u**2 - 19*u + 15. Calculate s(-7).
1
Let p(l) = -l**3 + 74*l**2 + 310*l + 147. Give p(78).
-9
Let j(x) = -x**2 + 22*x + 64. Give j(15).
169
Let a(h) = 7*h**3 - h**2 - 6*h + 5. Determine a(-4).
-435
Let u(x) = 15*x + 37. What is u(-3)?
-8
Let l(w) = -2*w**3 - 36*w**2 + 57*w + 1021. Determine l(-17).
-526
Let u(n) = 154*n - 20182. Calculate u(131).
-8
Let g(a) = a**2 + 25*a + 89. Give g(-34).
395
Let z(o) = 2*o**2 + 51*o + 6. Give z(-25).
-19
Let k(o) = -388*o + 386. Calculate k(0).
386
Let g(p) = p**3 + 2*p**2 - 47*p - 12. Determine g(6).
-6
Let y(n) = 50*n**2 - 200*n + 149. Give y(3).
-1
Let m(y) = -y**2 - 168*y - 132. What is m(0)?
-132
Let n(v) = 2*v**2 - 684*v + 8525. Calculate n(13).
-29
Let m(h) = -h**2 + 638*h + 20023. What is m(-30)?
-17
Let j(x) = 160*x - 4479. Determine j(28).
1
Let y(a) = 575*a - 4016. Determine y(7).
9
Let i(a) = -1838*a + 31278. Give i(17).
32
Let x(t) = t**3 + 18*t**2 - 9*t - 570. Determine x(-15).
240
Let x(f) = 3*f**3 - 17*f**2 + 2*f - 4. What is x(5)?
-44
Let g(n) = -n**2 - 54*n + 85. Calculate g(-56).
-27
Let o(j) = -j**2 + 96*j + 3931. Give o(-31).
-6
Let y(d) = -d**3 + 7*d**2 - 218*d + 831. What is y(4)?
7
Let g(x) = -x**2 + 24*x + 878. Calculate g(-20).
-2
Let v(s) = 2*s**3 - 21*s**2 - s - 12. Calculate v(10).
-122
Let d(f) = -f**3 + 9*f**2 + 248*f + 308. Determine d(-11).
0
Let c(o) = 6125*o - 18376. Determine c(3).
-1
Let x(g) = -g + 187. Determine x(34).
153
Let c(y) = 53*y + 1983. Give c(-36).
75
Let n(m) = m**2 + 8*m - 60. Calculate n(-14).
24
Let l(x) = -x**2 + 221*x - 4541. Give l(23).
13
Let d(x) = -5*x**2 + 244*x - 2762. What is d(31)?
-3
Let u(q) = 10*q**3 + 33*q**2 + 488*q + 454. Determine u(-1).
-11
Let f(j) = 18*j**2 - 222*j + 39. Calculate f(12).
-33
Let a(m) = -2*m**3 + 9*m**2 - 9*m + 34. Calculate a(4).
14
Let m(l) = -3*l**2 + 61*l - 200. What is m(16)?
8
Let d(p) = p**3 - 81*p**2 + 514*p - 44. What is d(74)?
-340
Let r(c) = c**3 + 9*c**2 + 29. What is r(-10)?
-71
Let x(i) = 2*i**3 + 43*i**2 - 66*i - 75. Calculate x(-23).
-144
Let a(c) = -7*c**2 + 15*c + 199. Give a(-8).
-369
Let s(c) = 1199*c + 10. Determine s(1).
1209
Let d(b) = -b**3 - 3*b - 21. Calculate d(-3).
15
Let s(g) = -g**3 + 15*g**2 - 65*g + 8. Determine s(6).
-58
Let v(s) = -8*s**3 + 10*s**2 - 23*s + 47. Determine v(2).
-23
Let f(o) = -28*o + 67. What is f(4)?
-45
Let u(w) = -32*w**2 + 3*w - 1. Calculate u(1).
-30
Let t(r) = -1674*r - 15080. Give t(-9).
-14
Let o(t) = -63*t**2 + 7*t - 2. Give o(1).
-58
Let q(d) = d**3 - 6*d**2 - 5*d + 57. What is q(7)?
71
Let i(m) = -3905*m + 27329. What is i(7)?
-6
Let w(j) = j**2 - 202*j - 2794. Determine w(-13).
1
Let a(r) = r**3 + 11*r**2 - 42*r. Determine a(3).
0
Let c(z) = 1323*z + 1344. Calculate c(-1).
21
Let k(a) = 5*a**2 - 4*a - 2. Give k(4).
62
Let w(r) = -r**3 - 192*r**2 + 68*r - 24116. Calculate w(-193).
9
Let m(b) = -b**2 - 8*b - 12. What is m(-7)?
-5
Let x(a) = -27*a - 223. Determine x(2).
-277
Let x(w) = -w**3 + 110*w**2 + 336*w + 345. What is x(113)?
6
Let z(t) = 6524*t + 52227. Determine z(-8).
35
Let j(x) = x**3 + 585*x + 1170. Calculate j(-2).
-8
Let k(x) = x**3 + 15*x**2 + 2*x + 63. What is k(-15)?
33
Let p(l) = -l**3 + 10*l**2 + l + 57. What is p(0)?
57
Let b(t) = -t**3 - 17*t**2 - 39*t + 63. Give b(-14).
21
Let q(u) = -2*u**2 - 38*u - 92. Give q(-16).
4
Let o(w) = 99*w - 781. Determine o(8).
11
Let h(t) = 83*t**2 - 6*t - 29. Calculate h(-2).
315
Let t(o) = o**3 + 7*o**2 + 62*o + 18. Calculate t(-6).
-318
Let f(q) = 3425*q + 20587. Determine f(-6).
37
Let d(g) = -3*g**2 - 185*g - 2834. Calculate d(-28).
-6
Let b(r) = r**3 + 11*r**2 + 4*r - 26. Give b(-11).
-70
Let m(v) = 8668*v + 52011. Calculate m(-6).
3
Let h(x) = -x**3 + 86*x**2 - 1316*x - 247. Give h(66).
17
Let c(m) = -m**3 + 91*m**2 - 482*m - 2411. What is c(85)?
-31
Let d(z) = -4*z**2 - 67*z - 19. What is d(-16)?
29
Let n(w) = -w**3 + 20*w**2 + 64*w - 61. Calculate n(23).
-176
Let f(m) = -2*m**3 - 22*m**2 + 7*m - 41. Give f(-12).
163
Let i(b) = -2*b**2 - 4. Give i(1).
-6
Let f(m) = 583*m - 15163. What is f(26)?
-5
Let a(q) = 369*q + 84476. Determine a(-229).
-25
Let g(x) = -8*x - 241. Determine g(-33).
23
Let s(i) = i**2 - 55*i + 743. What is s(31)?
-1
Let u(t) = -t**2 - 21*t + 26. Calculate u(-23).
-